v + 4*q - 432 + 1214 = 0, -5*v + 3*q + k = 0. What is the hundreds digit of v?
2
Let l(h) = -101*h + 15. What is the hundreds digit of l(-7)?
7
Let s(i) = -183*i - 9. Let l be s(-2). Suppose 20*x - 13*x - l = 0. What is the tens digit of x?
5
Suppose 0 = 5*t + 5*m - 2370, -5*m - 462 = -t - 2*m. What is the units digit of t?
1
Suppose -a = 4*s - 15, 0 = 3*s - a - 19 - 1. Let n be 6/(-4) - (-14)/4. Suppose 5*w + 50 = n*r, 4*r - 2*w = s*r - 16. What is the tens digit of r?
2
Suppose c - 12 = -3*c. Let r(u) = -19*u - 5. Let j be r(c). Let l = -44 - j. What is the units digit of l?
8
Suppose 2*o + 2*o = 2*l, -5*o - 45 = 5*l. Let s(f) = -25*f + 25. Let a(r) = 3*r - 3. Let v(m) = -51*a(m) - 6*s(m). What is the units digit of v(l)?
1
Suppose 11*y = -558 + 140. Let n = y - -249. What is the tens digit of n?
1
Let n(s) = 2*s**2 + 5*s - 4. Let a be n(-4). Suppose h = 5*h - a. Suppose 0 = -h*w + 81 - 25. What is the tens digit of w?
2
Let z(p) = 2*p - 1. Let g = 37 - 33. What is the units digit of z(g)?
7
Let p = -31 + 17. Let y = p + 32. What is the tens digit of 14/(-3)*y/(-4)?
2
Let h be 1192/10 - 296/(-370). Let v be (-2)/(-2) - (1 - 7). Suppose 4*j = 3*q - 180, -2*q + v*j - 2*j + h = 0. What is the tens digit of q?
6
Let s = 13 - 10. Suppose 0 = t + s*t + 136. What is the tens digit of 1/((-36)/t + -1)?
1
Suppose -j + 248 = -5*o, 208 = -3*j + 4*j + 3*o. What is the hundreds digit of j?
2
Suppose -4*a - 17226 = -5*h + 1734, 15194 = 4*h + 2*a. What is the hundreds digit of h?
7
Suppose 4*y - 301 = 103. What is the tens digit of y?
0
Let c(i) = -3*i**3 - 3*i**2 - i - 3. Let q = 61 + -64. What is the units digit of c(q)?
4
Let r(f) = -1433*f + 9. What is the thousands digit of r(-1)?
1
Let s(o) be the first derivative of -o**6/360 - o**5/15 + o**4/3 + 2*o**3 - 7. Let l(n) be the third derivative of s(n). What is the units digit of l(-6)?
0
Suppose 858 = 5*m + j, 0*m + 3*j = -m + 166. Suppose -3*q + 37 = m. What is the units digit of -5*3/(q/6)?
2
Let u(q) = -54*q - 25. Let n be u(-5). What is the tens digit of (-1 - n)/(18/(-12))?
6
Let n(w) be the second derivative of -w**3/3 + w**2/2 - 10*w. Suppose 3*q + 30 = -5*v, 18 = -2*q - v - 9. What is the units digit of n(q)?
1
Let m = 48 - 49. What is the units digit of 1/(m*(-1)/93)?
3
Let a(q) = q + 14. Let m be a(-10). What is the tens digit of m + 22/(-5) + 462/5?
9
Let q = 1755 + -924. What is the units digit of q?
1
Suppose -y - y = -28. Suppose 2*f + 5*z + 0*z + 2 = 0, -y = -3*f + z. Suppose h = f*h - 81. What is the units digit of h?
7
Let x be (4/(-5))/1 + 76/20. Suppose -x*r = -5*h + 399, 5*h + 2*r - 415 = -3*r. What is the tens digit of h?
8
Let i be 9/(-15) - 892/(-20). Let r = -38 + i. Suppose -d + 7 + r = 0. What is the tens digit of d?
1
Suppose -3*p = -2*p - 4. Let n(j) = -3*j + 1. Let y be n(-4). Suppose -y*f - p = -15*f. What is the units digit of f?
2
Let a = -24 + 32. Suppose -110 = -a*m + 66. What is the units digit of m?
2
Suppose -p - 8402 = -3*v, -3*v = 3*p - p + 16822. What is the tens digit of (-2)/(-3) - p/24?
5
Suppose 3989 = 19*q - 5891. What is the tens digit of q?
2
Suppose 5*f = -2*b + 25, -2*f + 14 = b - 0*f. What is the tens digit of (b/(-8))/(1/(-26))?
6
Suppose 0 = -2*d - 2*u + 1986, -3*u + u = d - 996. Suppose -j + 7*j = d. What is the tens digit of j?
6
Suppose 0 = 6*g - 24. Suppose -2*q = g*w - 128, -2*q + 22 + 102 = 2*w. What is the tens digit of q?
6
Let h = 161 + -80. Suppose -3 = -k + h. Suppose k = c + 2*c. What is the units digit of c?
8
Let c be (-6)/(-18)*(-69)/1. Let t = 71 - c. What is the units digit of t?
4
Suppose -6 = s - p + 6*p, -3*s - 4*p - 29 = 0. Let u be (-66)/s - (-1 + 5). Let q = 6 + u. What is the units digit of q?
8
Let n = 23 - 19. Suppose 0*r + 4*m - 66 = -2*r, -105 = -n*r + m. What is the tens digit of r?
2
Let t = 0 + -5. What is the tens digit of ((-119)/t - 2)/(4/20)?
0
Let u = 4117 - 1872. What is the tens digit of u?
4
Suppose 376 + 361 = r + 4*t, 0 = 4*r - 2*t - 2948. What is the tens digit of r?
3
Suppose -9663 = -6*l + 3*y, 8075 = 5*l + 35*y - 33*y. What is the thousands digit of l?
1
Let z = -101 + 225. What is the tens digit of z?
2
Suppose -42462 = -67*m + 49*m. What is the units digit of m?
9
Let n(d) = 8*d**2 - 16*d + 2. What is the tens digit of n(-5)?
8
Let m = 10 + -14. Let p be 12*20/24*-82. What is the tens digit of m/(-18) + p/(-36)?
2
Suppose 0 = t - 5*t + 104. Suppose 3*p + 96 = 3*y, -2*p + 125 = -4*y + 9*y. Let f = t + y. What is the tens digit of f?
5
Suppose -4*j + 326 = -w - w, 5*w - 25 = 0. What is the units digit of j?
4
Suppose -4*w = -4*h + 1 + 3, -5*h - 15 = 5*w. Let y(o) = -3*o**3 + o**2 - 1. Let c be y(w). Let b = c - -38. What is the units digit of b?
5
Let l be 4 - (-22)/(-6) - (-64)/6. Suppose l*t - 14*t + 330 = 0. What is the hundreds digit of t?
1
Suppose -3*k + n - 345 = -k, -3*k + 5*n - 514 = 0. Let u = k - -357. What is the hundreds digit of u?
1
Suppose 14496 = -0*t + 12*t. What is the tens digit of t?
0
Let r(y) = -y**3 + 8*y**2 - 5*y - 9. Let m be r(7). Suppose j - m*j = -304. Suppose x = 3*x - j. What is the tens digit of x?
3
Let l = 71 + 4. Suppose -v + 5 = 3*n, 5*n + l = 3*v + 2*n. What is the units digit of v/30 - (-2)/6?
1
Suppose -15 = -5*k + 5*m, -3*k - 9 = 4*m - m. Suppose k = y - 5*y + 32. Suppose 26 = 2*n + y. What is the units digit of n?
9
Let k(s) = s**2 + 3*s + 4. Let w be 6/(2/(4 - 2)). Suppose -g = 5*z + 22, -5*z + 5*g = -4*z - w. What is the units digit of k(z)?
8
Let q = -119 - -101. What is the hundreds digit of ((-7)/((-35)/(-30)))/(1/q)?
1
Let z(x) be the second derivative of x**4/6 - 4*x**3 + 15*x**2/2 + 2*x. What is the units digit of z(14)?
1
Let a(m) = -8 + 18*m - 12*m + 3. What is the units digit of a(6)?
1
Suppose 10*c - 8 = 12. Let r = c - -168. What is the tens digit of r?
7
Suppose -4*v - 3*u + 3426 = 0, u = 3*v - 2*u - 2580. What is the tens digit of v?
5
Suppose -3*w = -8*w. Suppose -4*b + w*b = -3*a - 6, 5*a - 16 = -2*b. Suppose -a*q = 5*j - 52, 0*q + 78 = 4*q - 3*j. What is the units digit of q?
1
Suppose -b - 3*b = -8, -4*w - 4*b + 2788 = 0. What is the units digit of w?
5
Let t(x) be the third derivative of -x**4/24 + 3*x**3 + x**2. Let r be t(14). Suppose -r*g = j - 6*j - 76, 2*j = 5*g - 95. What is the tens digit of g?
1
Let u be (-2)/(-1) - (3 + 0)*2. What is the hundreds digit of (-6)/u*4572/54?
1
Let b(x) = -3*x**3 - 11*x + 14. Let l be b(4). Let a = 339 + l. What is the tens digit of a?
1
Let d(r) = -3*r - 4*r**2 - 8 - 3*r + 3*r - r**3. Let l be d(-4). Suppose l*q + 3*c = 243, -2*c + c = -q + 59. What is the tens digit of q?
6
Suppose -9*g + 10*g - 4 = 0. Let y(j) = -j**2 + 4*j + 3. What is the units digit of y(g)?
3
Let s(q) = q**2 + 13*q + 17. Let n be s(-12). Suppose 0 = n*v - 4*v - 52. Suppose -g = -5*i + v, -3*i - 5*g = i - 30. What is the units digit of i?
0
What is the hundreds digit of 4/3 + (-509)/(-3)?
1
Let c be ((-1)/6 - 4822/12)/(-2). Suppose 87 + c = 4*x. What is the units digit of x?
2
Let z(h) = -h - 165. Let k be z(0). Let t = k - -282. What is the units digit of t?
7
Suppose s = 4*m + 543, -3*s + 981 + 670 = -m. What is the tens digit of s?
5
Let o(x) = 6*x**2 + 4*x - 2. Let z be o(-2). Suppose z*t + 264 = 18*t. What is the tens digit of t?
6
Suppose -8*f + 3104 = -824. What is the tens digit of f?
9
Let c(x) = -x**3 - 11*x**2 + 14*x + 2. Let a be c(-12). Let w = a + 6. What is the tens digit of (-1 - -55)*(-8)/w?
2
Let m(f) be the first derivative of 1/2*f**2 + 2 + f. What is the units digit of m(5)?
6
Suppose 2*b = 4*s - 4, -4 = -s - s. What is the units digit of -1*b - 50/(-5)?
8
Suppose -r + 99 = -3*o + 9, 5*o + 410 = 5*r. What is the tens digit of r?
7
Let j(z) be the third derivative of z**4/24 + z**3/6 + 4*z**2. Let l be j(1). Suppose 4*a = -5*n - a + 45, -l*n = -4*a. What is the units digit of n?
6
Let v = -10 - -7. Let o(r) = 2*r**3 + 2*r**2 - 2*r - 3. Let y be o(v). Let w = y - -47. What is the units digit of w?
4
Let f(t) = -t**2 + 5*t - 4. Let l be f(5). Let p be (l/(-6))/((-1)/(-33)). Suppose o - 3 - p = 3*k, -1 = -k. What is the tens digit of o?
2
Let n(q) be the third derivative of q**6/120 + q**4/24 - 3*q**3/2 + 26*q**2. What is the hundreds digit of n(6)?
2
Let l(s) = -9*s**3 + 3*s**2 - 3*s - 5. Let j be l(5). Let p = -75